 a composite number?
False
Is 232691633 a composite number?
False
Is 3193438379 composite?
False
Is 13947907 composite?
False
Is 7144100743 a composite number?
True
Is 359299043 composite?
False
Is 2477554699 composite?
False
Is 305748469 a prime number?
False
Is 479775727 composite?
True
Is 3585197719 composite?
False
Is 6100385191 a prime number?
True
Is 227378422 a composite number?
True
Is 1833740723 composite?
False
Is 2525737947 a composite number?
True
Is 11991682759 a prime number?
False
Is 3661744213 prime?
True
Is 23700086035 a prime number?
False
Is 6414646803 prime?
False
Is 25858504627 composite?
False
Is 88870651 composite?
False
Is 3938291771 composite?
True
Is 303859843 prime?
False
Is 6268580713 composite?
False
Is 5379830273 composite?
False
Is 41348347 a composite number?
False
Is 40073910967 a composite number?
False
Is 19200597541 a composite number?
True
Is 668269597 a prime number?
True
Is 15211904879 prime?
False
Is 17694462057 a composite number?
True
Is 6914502311 composite?
True
Is 366916633 a prime number?
True
Is 414597349 a prime number?
True
Is 5931039113 a prime number?
True
Is 417278713 prime?
True
Is 1069987339 a prime number?
False
Is 787971593 prime?
False
Is 6020747947 composite?
False
Is 159947636299 a composite number?
True
Is 20806789813 a prime number?
False
Is 65641156943 prime?
True
Is 2645799307 composite?
True
Is 12907209565 composite?
True
Is 88895154655 a composite number?
True
Is 62450309 a prime number?
True
Is 7793316601 a composite number?
True
Is 233996047 a composite number?
False
Is 77658002363 prime?
True
Is 2024877587 a composite number?
False
Is 3027712705 a composite number?
True
Is 329705549 composite?
True
Is 12368604179 a composite number?
False
Is 116914808489 prime?
False
Is 32162597 a prime number?
True
Is 948531137 prime?
False
Is 95987894 a prime number?
False
Is 30317500657 a composite number?
False
Is 4695085313 a composite number?
True
Is 6771498847 composite?
True
Is 309977867 a prime number?
False
Is 5796247243 a composite number?
True
Is 23588436127 prime?
True
Is 8340080587 composite?
False
Is 1395427799 composite?
False
Is 29167016231 prime?
True
Is 28829976737 a prime number?
True
Is 4446060791 a composite number?
False
Is 1090383089 prime?
True
Is 538602839 composite?
True
Is 4008543683 a composite number?
True
Is 273533781557 a prime number?
False
Is 33059233463 prime?
True
Is 2006327011 a composite number?
True
Is 4832244343 composite?
True
Is 19891256881 prime?
True
Is 125532842861 composite?
False
Is 37914927409 a prime number?
True
Is 3845167841 a prime number?
False
Is 1635298699 a prime number?
True
Is 10499007079 a composite number?
True
Is 1321919549 prime?
False
Is 3162813627 a composite number?
True
Is 229471807 a composite number?
False
Is 346828613 composite?
False
Is 30639682793 a composite number?
False
Is 23922495273 composite?
True
Is 698964811 a prime number?
False
Is 604453429 a composite number?
False
Is 6344684147 composite?
False
Is 1086596158 composite?
True
Is 247646008349 a prime number?
True
Is 2243424611 composite?
True
Is 6403587713 a prime number?
False
Is 117877861 prime?
False
Is 1255409429 a prime number?
True
Is 121615282991 a composite number?
False
Is 54778421461 composite?
False
Is 2173928971 composite?
True
Is 201235569413 a composite number?
False
Is 1387772317 prime?
False
Is 17608714349 a composite number?
True
Is 29967785193 a composite number?
True
Is 4547850371 a composite number?
False
Is 130848964165 a prime number?
False
Is 1479558305 composite?
True
Is 388131643 a composite number?
False
Is 1562410979 composite?
False
Is 62473639 a prime number?
False
Is 5737574179 composite?
True
Is 64642517411 composite?
False
Is 3794518634 prime?
False
Is 1325539499 composite?
True
Is 15743541593 composite?
True
Is 525068333 prime?
True
Is 267213051841 a prime number?
True
Is 28003130735 a composite number?
True
Is 852534181 composite?
False
Is 395511691 a prime number?
False
Is 27541971973 a prime number?
True
Is 1936889791 composite?
True
Is 72311824969 a composite number?
False
Is 1038241769 composite?
False
Is 18353204201 a composite number?
True
Is 2169565393 a prime number?
False
Is 1245395429 composite?
False
Is 110176267 a prime number?
True
Is 1628665589 prime?
False
Is 3513187369 composite?
True
Is 86519349403 prime?
True
Is 133712663 a composite number?
True
Is 9757819441 composite?
False
Is 18773217613 prime?
True
Is 47558147849 prime?
False
Is 1622316901 composite?
True
Is 217222279 composite?
False
Is 654307301 a composite number?
True
Is 366268277 a prime number?
True
Is 10636981063 a composite number?
False
Is 71886161309 a composite number?
False
Is 2495475251 a composite number?
True
Is 19833236593 a prime number?
True
Is 2676262117 composite?
False
Is 31088290823 prime?
True
Is 61842850999 a composite number?
False
Is 412148721371 prime?
True
Is 74397676649 a prime number?
True
Is 974106071 prime?
True
Is 1092405307 prime?
False
Is 7258355599 composite?
True
Is 18047098483 prime?
True
Is 64143560849 composite?
True
Is 311714432791 composite?
False
Is 1010842891 a composite number?
False
Is 1958507011 a prime number?
False
Is 237583262291 a composite number?
False
Is 3411621053 prime?
True
Is 2078809777 prime?
False
Is 11840318143 composite?
True
Is 9473588477 prime?
True
Is 50245381 a prime number?
False
Is 2914429853 composite?
False
Is 26891209999 prime?
True
Is 11346678061 composite?
True
Is 91327451 a prime number?
False
Is 2664603841 a prime number?
False
Is 39337720291 a prime number?
True
Is 9763204639 prime?
True
Is 105236018843 prime?
True
Is 12053674159 a prime number?
True
Is 15375883441 composite?
False
Is 7659175961 a prime number?
True
Is 5297734997 a composite number?
False
Is 1477610839 a prime number?
True
Is 221507527 composite?
True
Is 1550311253 a prime number?
True
Is 3850598173 prime?
False
Is 19778646113 prime?
True
Is 4388705653 a prime number?
False
Is 24776304391 composite?
True
Is 65836965013 a prime number?
False
Is 3038553563 a composite number?
False
Is 17177334035 composite?
True
Is 5107542317 a prime number?
True
Is 17448407387 a prime number?
True
Is 4771205027 composite?
False
Is 7201791251 a prime number?
False
Is 517620977 prime?
True
Is 113169137 composite?
False
Is 15409088113 a composite number?
False
Is 3161629183 a prime number?
False
Is 4057060603 prime?
True
Is 20811593921 a prime number?
True
Is 314079018865 a composite number?
True
Is 23413190923 composite?
True
Is 2783003351 a prime number?
True
Is 2252127607 a prime number?
False
Is 7524088547 a prime number?
True
Is 110123462507 composite?
True
Is 7940260049 prime?
False
Is 1160207 prime?
True
Is 109430371 composite?
True
Is 47948605022 a prime number?
False
Is 3085573619 a composite number?
True
Is 195214139 a prime number?
True
Is 700928980919 prime?
True
Is 8675127691 composite?
False
Is 1407659723 composite?
False
Is 1119877007 composite?
True
Is 283827169 a prime number?
True
Is 174508069 a composite number?
False
Is 986478527 composite?
False
Is 232470979 composite?
True
Is 1081571593 composite?
False
Is 1213522003 composite?
False
Is 242736349 a composite number?
False
Is 6138487603 a composite number?
False
Is 28311100733 a composite number?
True
Is 218768845 prime?
False
Is 31663043891 a prime number?
False
Is 32913762509 a prime number?
False
Is 2134831207 a prime number?
False
Is 952751507 a composite number?
True
Is 108977154691 a composite number?
False
Is 2494164529 composite?
True
Is 9170595061 a prime number?
True
Is 443447197 a prime number?
False
Is 9530548813 composite?
False
Is 382566053 a composite number?
True
Is 4545287213 composite?
False
Is 2383627067 composite?
False
Is 413838407 prime?
False
Is 695466769 a composite number?
True
Is 33850122991 a composite number?
True
Is 16532290813 a composite number?
False
Is 5177239559 composite?
True
Is 312934357 prime?
False
Is 1414253333 composite?
True
Is 648988747 a prime number?
False
Is 10443611 composite?
True
Is 7382036749 a prime number?
True
Is 1095776477 composite?
False
Is 684293549 composite?
False
Is 192820314263 prime?
True
Is 244168747 a prime number?
False
Is 107306926883 composite?
True
Is 762865991 a prime number?
True
Is 92017692887